 = -q*m - 0*n - 5*n + 135. List the prime factors of m.
2, 11
Suppose d - 2*s - 366 = 0, 0 = 5*d - 2*s - 0*s - 1862. List the prime factors of d.
2, 11, 17
Suppose -6*d + 4*m = -2*d - 1168, 2*d = -5*m + 619. Suppose -20*y = -17*y - d. What are the prime factors of y?
3, 11
Let r = -1423 - -2151. List the prime factors of r.
2, 7, 13
List the prime factors of (76 + 0)/((-11)/((-110)/4)).
2, 5, 19
What are the prime factors of 60/100 + 2/(-20)*-634?
2
Let t = 3834 - 1941. What are the prime factors of t?
3, 631
Suppose 4*d = -9*d + 7514. What are the prime factors of d?
2, 17
Suppose 14*j = 12*j + 1390. List the prime factors of j.
5, 139
Suppose 0*l + r + 14 = 4*l, 14 = l + 5*r. Suppose 48 = -l*z + 436. List the prime factors of z.
97
Let l = 868 - 372. What are the prime factors of l?
2, 31
Let b = 1212 - 345. List the prime factors of b.
3, 17
Let u = 358 - -259. What are the prime factors of u?
617
Suppose d - 2*d = 5. List the prime factors of d/((-45)/366) - (-6)/(-9).
2, 5
Let q = 96 - 92. Let g(m) = 2*m**3 + m**2 + 4*m + 5. List the prime factors of g(q).
3, 5, 11
List the prime factors of (-84)/714 - 8978/(-17).
2, 3, 11
Let j be (-16)/12*(-6 + 3). Suppose 0 = 2*r - j - 0. Suppose 5*y + 29 = i, 4 = -r*i + 3*y + 69. List the prime factors of i.
2, 17
Let x = 60 + -35. Let o = x + 13. What are the prime factors of o?
2, 19
Suppose 0*f = 2*r - 2*f - 2, -2*f - 10 = -4*r. Suppose -2*g = 5*x + 268 - 1107, -x = -r*g - 159. What are the prime factors of x?
167
Suppose 2*g = 7*h - 2*h + 190, -g - 114 = 3*h. Let b = h - -98. What are the prime factors of b?
2, 3, 5
Suppose 7255 = -11*r + 16*r + 2*u, 4379 = 3*r - 4*u. What are the prime factors of r?
1453
Let h = -94 - -829. What are the prime factors of h?
3, 5, 7
Suppose -s = 3*z - 10, 2*z - 4*s - 2 = -0*s. Suppose -3*j = -j + z*d - 19, -2*j = 2*d - 14. What are the prime factors of j?
2
What are the prime factors of (-26)/117 - 12766/(-18)?
709
Suppose 17*o - 58824 = -21*o. What are the prime factors of o?
2, 3, 43
Suppose -3*x - 5*j = -1571, -18 + 2655 = 5*x - j. What are the prime factors of x?
17, 31
Suppose -5*y + 5*o + 561 = -444, -10 = 5*o. List the prime factors of y.
199
Let p(z) = -4*z**2 - 1 + z + z**3 - 4*z + 8 - z. List the prime factors of p(5).
2, 3
Let l(h) = h**3 + 4*h**2 - 5*h - 11. Suppose 0 = 4*o - 4. Let v(j) = -1. Let w(s) = o*l(s) - 6*v(s). What are the prime factors of w(-4)?
3, 5
Let n be 2/(-4) - (-15)/2. Let c = n - -4. Let o = 21 - c. What are the prime factors of o?
2, 5
Let u be (4/(-13))/2 + 2464/(-208). Let l(z) = -z**2 - 24*z + 6. List the prime factors of l(u).
2, 3, 5
Let g(z) = -z**3 - 6*z**2 - 9*z - 10. Let k be g(-4). List the prime factors of (-7 - -1)*76/k.
2, 19
Suppose -11656 - 3800 = -12*i. List the prime factors of i.
2, 7, 23
Suppose -28 = -4*w - 32. What are the prime factors of (-3 - w)*(-581)/14?
83
Suppose 2*t = -5*j + 13, 0*j + 4*j = -4. Let s(p) = -p**3 + 10*p**2 - 9*p + 2. Let x be s(t). Suppose 3*i = x*i + 20. List the prime factors of i.
2, 5
Let a be -2*(-2 - 164/8)/3. Suppose 16*g - 97 = a*g. What are the prime factors of g?
97
Let h = 2724 + -381. What are the prime factors of h?
3, 11, 71
Suppose 2*u + 4*f - 350 = 0, 0 = u + u + 3*f - 353. Suppose 4*y - 3*c = -44 + 471, 2*y + 5*c = u. List the prime factors of y.
103
Suppose 5*b = -5*x + 2180, -3*x - 2*x - 25 = 0. What are the prime factors of b?
3, 7
Let z be -1 + (1 - (-1 - -1)). Let c be (-1)/(((-22)/40)/(-11)). What are the prime factors of (-2*(z - c))/(-1)?
2, 5
Suppose 14541 = 4*a + f, -5*a + 10*f - 7*f + 18172 = 0. What are the prime factors of a?
5, 727
Suppose 0 = 23*x - 17*x - 7146. List the prime factors of x.
3, 397
Let l(v) = 10*v**2 - v + 6. Let m be l(4). List the prime factors of m/(0 - -1 - 0).
2, 3
Let k(h) = h**2 + 5*h + 11. Let u be k(-3). Suppose 0 = 2*y - 4*w - 509 + 161, u*y + 3*w = 935. List the prime factors of y.
2, 23
Suppose 2*o + o + 90 = 0. Let r = -25 - o. Let i(f) = f**3 - 4*f**2 - 2*f + 4. List the prime factors of i(r).
19
Let v(k) = 6*k**2 - 12*k - 32. List the prime factors of v(-3).
2, 29
Suppose -4*m + 2813 = -5379. List the prime factors of m.
2
Suppose -z + 10859 = 5*y, y + 6501 = 4*y - 3*z. What are the prime factors of y?
13, 167
Let n = 32 + -28. Suppose n*w + 8 = 0, 4*w + 144 = 5*g + 6. What are the prime factors of g?
2, 13
Suppose 10 = 4*o + 3*a + 1, 0 = -3*o - a + 8. What are the prime factors of -2 - (-12)/o - -30?
2
Suppose -284*g + 287*g = 7578. What are the prime factors of g?
2, 3, 421
Let h be -4 + 6 + -1 + 5. Let l be h/2*(-384)/(-9). Suppose -4*v + l = -2*v. What are the prime factors of v?
2
Let h(y) = y**3 - 6*y**2 + y + 14. Let p be 141/15 + (-3)/(-5). Let u be (-1 - -6) + p/10. What are the prime factors of h(u)?
2, 5
Let d(u) = -u**3 + 10*u**2 + 6*u - 17. Let s be -1*(-3)/2*2. Suppose -2*t - 33 - 5 = -4*b, -2*b + s*t + 17 = 0. What are the prime factors of d(b)?
43
Suppose t - 501 = -4*b, 357 = -2*t + 3*b + 1315. What are the prime factors of t?
5, 97
Let m be 1*(-3 - (-4 - -5)). List the prime factors of 20/(2/m + 1).
2, 5
Suppose 7*n - 30 = -2. Suppose -42 = -n*h + 306. List the prime factors of h.
3, 29
Let b(i) = -i**2 + 2*i + 4. Let r(w) = 2*w**2 - 4*w - 9. Let p(q) = 5*b(q) + 2*r(q). Let s be p(2). List the prime factors of ((-2)/4 + 3)*s.
5
Suppose -4*l + 374 = 74. Let o = 127 - l. List the prime factors of o.
2, 13
Let l = 362 + 345. List the prime factors of l.
7, 101
Let g = 7405 + -4575. What are the prime factors of g?
2, 5, 283
Let k(p) = -5*p**2 - 4*p - 3. Let y(x) = -x + 1. Let s(w) = -k(w) - 6*y(w). List the prime factors of s(-7).
2, 43
Suppose b + 5*c - 98 = 603, -1388 = -2*b + 4*c. Suppose -3*r = y - 0*y - b, 0 = -2*r - 4*y + 454. What are the prime factors of r?
233
Let i be 23 - -2 - (3 + -3). Suppose -4 = 4*p - 4*o, -4*o = -3*p - 5 - 1. Suppose -p*h + i = -7. List the prime factors of h.
2
Let q be (6/4 + 1)/(3/6). Suppose -5*z = -q*l + 135, -z + 31 = 5*l - 4*l. List the prime factors of l.
29
Suppose -21*s + 27*s - 3594 = 0. What are the prime factors of s?
599
Suppose 0 = -8*v - 287 + 2079. List the prime factors of v.
2, 7
Let l = -536 - -1024. List the prime factors of l.
2, 61
Let k = 101 - 98. Suppose 4*z - 818 = -4*f + f, 197 = z - k*f. What are the prime factors of z?
7, 29
Suppose 0 = 5*v - 4*q + 150, -151 = 4*v + q + 2*q. Let l = -50 - v. List the prime factors of l/24*(-42)/2.
2, 7
Suppose 0 = -4*h + m + 13705, 31*m - 13701 = -4*h + 28*m. What are the prime factors of h?
2, 3, 571
Suppose 13*s - 33*s + 39780 = 0. List the prime factors of s.
3, 13, 17
Let q = -1527 + 2584. What are the prime factors of q?
7, 151
Suppose 2*y + 5*m - 2600 = 0, -4*y - 5*m = -4265 - 915. List the prime factors of y.
2, 3, 5, 43
Suppose 0 = 5*l - 0*l + 95. Let r(y) = y**2 + 19*y - 4. Let v be r(l). What are the prime factors of ((-18)/v)/((-3)/(-18))?
3
Suppose -5*l + 5*b = -540, 0*l - 5*b - 96 = -l. Suppose -3*n - 3*f = -8*f - l, 163 = 5*n - f. List the prime factors of n.
2
Let h(a) = 2*a**2 + 25*a + 1. Let p(o) = -o**2 - 13*o - 1. Let s(u) = 3*h(u) + 7*p(u). Let d be s(-8). Suppose -d = -4*l + 2*l. What are the prime factors of l?
2, 3, 5
Let t(y) = y**2 - 5*y - 6. Let c be t(7). Let b be 13/3 + c/12. Suppose -5*o = -l + 22, b*l - 38 = l - 5*o. What are the prime factors of l?
2, 3
Suppose 2*g = 6*g + 88. Let o = 50 + g. List the prime factors of o.
2, 7
Let q(g) = 2*g - 9. Let t be q(7). Let o be (1 + (-118)/(-8))/((-4)/(-80)). Suppose -5*i - 6*y + y = -o, -t*y = 4*i - 251. List the prime factors of i.
2
Suppose 0 = -4*p - 7*d + 8*d + 1136, -4*d + 301 = p. Suppose 2*o - k - 231 = 0, 3*o + 5*k = p + 94. What are the prime factors of o?
2, 59
Let w(n) = -3*n - 55. Let u be w(-16). Let s(i) = i**2 - 8*i + 7. List the prime factors of s(u).
2, 7
Let c = -59 - -62. What are the prime factors of (-6)/4*-104 - 0/c?
2, 3, 13
Let u = -52 - -144. Suppose 337 = -5*s + u. Let t = 93 + s. What are the prime factors of t?
2, 11
Suppose 3*c - 3*t = 1047, 2*c - 3*t - 189 = 506. What are the prime factors of c?
2, 11
Suppose 0 = -15*k + 4020 + 5175. List the prime factors of k.
613
Let m be (-3)/2 - 14/(-4). Suppose y = -2*w - 2, -5*w - 5 = 2*y + m. Suppose -y*h + 5*h + 3*s - 13 = 0, s = 2*h - 5. What are the prime factors of